n millions digit of 16072367?
1
What is the ten thousands digit of 1506105?
0
What is the hundreds digit of 180383?
3
What is the ten thousands digit of 22217918?
1
What is the tens digit of 7863228?
2
What is the tens digit of 168453?
5
What is the tens digit of 247879?
7
What is the thousands digit of 460016?
0
What is the hundred thousands digit of 454879?
4
What is the hundreds digit of 18402?
4
What is the tens digit of 120803?
0
What is the hundreds digit of 128113?
1
What is the millions digit of 30698196?
0
What is the hundreds digit of 148293?
2
What is the ten thousands digit of 5600363?
0
What is the thousands digit of 1264311?
4
What is the units digit of 72364?
4
What is the tens digit of 1847291?
9
What is the millions digit of 26081158?
6
What is the hundreds digit of 316009?
0
What is the ten thousands digit of 1595863?
9
What is the hundred thousands digit of 648119?
6
What is the ten thousands digit of 12626883?
2
What is the thousands digit of 4919312?
9
What is the hundred thousands digit of 1782022?
7
What is the ten thousands digit of 153970?
5
What is the hundred thousands digit of 4546508?
5
What is the hundreds digit of 3815435?
4
What is the thousands digit of 605806?
5
What is the hundreds digit of 3603813?
8
What is the thousands digit of 1049937?
9
What is the units digit of 593879?
9
What is the thousands digit of 4205319?
5
What is the hundreds digit of 8047515?
5
What is the millions digit of 24906013?
4
What is the tens digit of 1912357?
5
What is the tens digit of 426300?
0
What is the thousands digit of 1024538?
4
What is the thousands digit of 11609736?
9
What is the units digit of 742343?
3
What is the millions digit of 3332207?
3
What is the hundreds digit of 10926535?
5
What is the hundreds digit of 1507876?
8
What is the thousands digit of 43198?
3
What is the hundreds digit of 488659?
6
What is the hundreds digit of 417273?
2
What is the units digit of 340238?
8
What is the units digit of 313011?
1
What is the hundred thousands digit of 4811986?
8
What is the thousands digit of 39996?
9
What is the hundreds digit of 2578386?
3
What is the hundred thousands digit of 348376?
3
What is the tens digit of 2263163?
6
What is the hundreds digit of 177045?
0
What is the units digit of 207495?
5
What is the hundred thousands digit of 31082270?
0
What is the thousands digit of 7862825?
2
What is the hundred thousands digit of 1377388?
3
What is the tens digit of 12953285?
8
What is the hundred thousands digit of 782150?
7
What is the units digit of 13439795?
5
What is the thousands digit of 409163?
9
What is the thousands digit of 292293?
2
What is the hundred thousands digit of 667678?
6
What is the hundred thousands digit of 1663965?
6
What is the millions digit of 5073627?
5
What is the hundred thousands digit of 516317?
5
What is the tens digit of 430459?
5
What is the hundreds digit of 4260422?
4
What is the units digit of 4607367?
7
What is the hundreds digit of 91485?
4
What is the hundred thousands digit of 1229763?
2
What is the tens digit of 87311?
1
What is the millions digit of 22638915?
2
What is the tens digit of 46647?
4
What is the hundreds digit of 501989?
9
What is the tens digit of 255936?
3
What is the millions digit of 1269039?
1
What is the ten thousands digit of 730663?
3
What is the hundreds digit of 643308?
3
What is the tens digit of 819834?
3
What is the hundred thousands digit of 5586952?
5
What is the thousands digit of 525646?
5
What is the millions digit of 7544026?
7
What is the ten thousands digit of 81789?
8
What is the hundred thousands digit of 426195?
4
What is the units digit of 44682?
2
What is the ten thousands digit of 4451405?
5
What is the hundreds digit of 464107?
1
What is the tens digit of 33748?
4
What is the tens digit of 75896?
9
What is the units digit of 143131?
1
What is the millions digit of 4940584?
4
What is the thousands digit of 471088?
1
What is the units digit of 318564?
4
What is the thousands digit of 28096?
8
What is the tens digit of 170770?
7
What is the thousands digit of 15566?
5
What is the units digit of 223867?
7
What is the thousands digit of 150735?
0
What is the thousands digit of 8940846?
0
What is the thousands digit of 20236?
0
What is the units digit of 184838?
8
What is the hundreds digit of 21457800?
8
What is the thousands digit of 6989578?
9
What is the ten millions digit of 15374417?
1
What is the millions digit of 7003044?
7
What is the ten thousands digit of 13895681?
9
What is the thousands digit of 48149?
8
What is the hundreds digit of 1107741?
7
What is the units digit of 47203?
3
What is the tens digit of 4100444?
4
What is the tens digit of 734856?
5
What is the units digit of 75161?
1
What is the hundreds digit of 83565?
5
What is the thousands digit of 1885626?
5
What is the units digit of 407177?
7
What is the hundred thousands digit of 647790?
6
What is the ten millions digit of 30079812?
3
What is the thousands digit of 64312?
4
What is the hundred thousands digit of 38281972?
2
What is the millions digit of 7170520?
7
What is the ten thousands digit of 363200?
6
What is the units digit of 13332?
2
What is the millions digit of 4432365?
4
What is the units digit of 82103?
3
What is the ten thousands digit of 635756?
3
What is the hundreds digit of 1331553?
5
What is the hundred thousands digit of 1432120?
4
What is the hundred thousands digit of 1577015?
5
What is the hundreds digit of 1331076?
0
What is the tens digit of 7596475?
7
What is the hundreds digit of 22546957?
9
What is the thousands digit of 1914450?
4
What is the tens digit of 243662?
6
What is the tens digit of 270892?
9
What is the thousands digit of 261055?
1
What is the ten millions digit of 11947708?
1
What is the ten thousands digit of 15029264?
2
What is the ten thousands digit of 8867921?
6
What is the ten thousands digit of 360574?
6
What is the ten thousands digit of 1212113?
1
What is the hundred thousands digit of 19880347?
8
What is the millions digit of 8537223?
8
What is the tens digit of 1804300?
0
What is the units digit of 313826?
6
What is the hundred thousands digit of 2172367?
1
What is the hundreds digit of 1435119?
1
What is the hundred thousands digit of 3461562?
4
What is the hundred thousands digit of 2750681?
7
What is the tens digit of 4205393?
9
What is the thousands digit of 10953433?
3
What is the ten thousands digit of 16661610?
6
What is the units digit of 13305012?
2
What is the units digit of 5239084?
4
What is the tens digit of 26622?
2
What is the thousands digit of 2035231?
5
What is the tens digit of 63563?
6
What is the ten millions digit of 15472457?
1
What is the thousands digit of 350208?
0
What is the hundreds digit of 93834?
8
What is the hundred thousands digit of 129318?
1
What is the thousands digit of 2008421?
8
What is the hundreds digit of 1326433?
4
What is the units digit of 12178620?
0
What is the tens digit of 12957842?
4
What is the millions digit of 19171966?
9
What is the hundred thousands digit of 136679?
1
What is the tens digit of 326815?
1
What is the units digit of 6524563?
3
What is the hundreds digit of 1164126?
1
What is the hundreds digit of 95025?
0
What is the ten millions digit of 31605247?
3
What is the millions digit of 1081276?
1
What is the millions digit of 21850224?
1
What is the ten thousands digit of 19110?
1
What is the hundreds digit of 281342?
3
What is the hundreds digit of 6729286?
2
What is the tens digit of 13431250?
5
What is the hundreds digit of 3153577?
5
What is the hundred thousands digit of 803869?
8
What is the millions digit of 3875224?
3
What is the tens digit of 5011330?
3
What is the units digit of 8345350?
0
What is the hundred thousands digit of 1123681?
1
What is the thousands digit of 474246?
4
What is the millions digit of 1043664?
1
What is the ten thousands digit of 6488680?
8
What is the units digit of 765887?
7
What is the hundred thousands digit of 1087758?
0
What is the tens digit of 9763616?
1
What is the ten thousands digit of 207981?
0
What is the hundred thousands digit of 545945?
5
What is the thousands digit of 11151066?
1
What is the units digit of 19254?
4
What is the hundred thousands digit of 3593576?
5
What is the hundreds digit of 118